 factors of l?
2, 7
Let i(z) = 7*z**2 - 44*z - 35. List the prime factors of i(-13).
2, 5, 43
Let t be 1 + -54 - (-2 + 1). Let r = t + -27. Let b = r + 117. List the prime factors of b.
2, 19
Suppose -863 = -2*o - 2*l - 135, 5*o + 4*l = 1824. List the prime factors of o.
2, 23
Let f(u) = 7*u + 27. Let v be f(10). Suppose -225 = -7*q + v. What are the prime factors of q?
2, 23
Let k = -2893 + 6705. What are the prime factors of k?
2, 953
Let r = -507 - -994. List the prime factors of r.
487
Let f be (6 - 5)/((-1)/372). Let x = 727 + f. Suppose 0 = 5*j - 0*j - x. List the prime factors of j.
71
Let g = 1 - -1. Suppose -g*c - 3*c = -260. Suppose -23*n + c = -19*n. List the prime factors of n.
13
Suppose 6*p - 3*p - 12 = 0. Suppose -p*u = -3*u. Suppose u = -3*j - 0*d - 2*d + 22, 3*j + 5*d = 19. What are the prime factors of j?
2
List the prime factors of (-2942)/(-5) - (396/(-55))/12.
19, 31
Let g(h) = h**2 + 12*h - 11. What are the prime factors of g(-24)?
277
Suppose 2*w - 61 = 49. What are the prime factors of (-26)/(-4)*(1 - w)/(-3)?
3, 13
Let f(t) = t**3 - 9*t**2 - 9*t - 5. Suppose 18 = -d + 2*s, 0 = -4*d - 2*s - 124 + 42. Let y = -10 - d. List the prime factors of f(y).
5
Let j be (-418)/(-66) - (0 + (-1)/(-3)). Let v(n) = n. Let o(r) = 3*r - 3. Let p(w) = -o(w) + 5*v(w). What are the prime factors of p(j)?
3, 5
Suppose 30 = -0*l + 5*l. Let c be 15/l*(-1 - 19). Let q = -26 - c. List the prime factors of q.
2, 3
Suppose -13*r + 2028 + 7592 = 0. List the prime factors of r.
2, 5, 37
What are the prime factors of -134*90/(-25) - 6/15?
2, 241
Let t be (-2)/(-7) - 108/(-63). Suppose 3*k - t*i + 56 = 521, 5*k = 3*i + 774. What are the prime factors of k?
3, 17
Suppose -2*o - 230 = -v, 4*o + v + 488 = -4*v. Let m = o - -173. List the prime factors of m.
2, 7
Let r(f) = f**3 + 9*f**2 - 2*f - 6. Let s(l) = -l**3 + 8*l**2 - 4*l - 3. Let n be s(8). Let h = n - -27. List the prime factors of r(h).
2, 37
Suppose 0 = 29*l - 36616 + 6398. What are the prime factors of l?
2, 521
Suppose 0 = 3*v - 8*v + 15. Let t = v + -5. What are the prime factors of (16/t + 0)*-2?
2
Let n(l) = l**3 + 51*l**2 + 43*l - 456. List the prime factors of n(-49).
2239
Let l be 184 + 2/2 - (0 - 2). Suppose 2*x - 94 = 2*a, -l - 11 = -4*x + 2*a. List the prime factors of x.
2, 13
Suppose -5*h - 4 + 19 = 0, -4*q = -5*h - 129. Suppose 2*a - 2 + 50 = 0. Let s = a + q. What are the prime factors of s?
2, 3
Suppose -95*p + 100*p = -190. What are the prime factors of ((-3)/(-3))/((-2)/p)?
19
Let d be 292/6 + (-14)/21. Suppose 7*x - 3*x = d. What are the prime factors of x?
2, 3
Suppose -2*d - 28 = 2*d. Let w = d + 1. What are the prime factors of (-264)/(-10) + w/15?
2, 13
Let t(q) = 20*q**2 + 3*q - 5. Let w(m) = -20*m**2 - 3*m + 5. Let v(g) = -4*t(g) - 5*w(g). What are the prime factors of v(3)?
2, 23
Let u(b) = 13*b - 9. Let m be u(4). Let g = 69 - m. What are the prime factors of g?
2, 13
Suppose 3*p = 2*y - 0*y - 20, -2*y + 5*p + 12 = 0. Let m = 66 + -67. What are the prime factors of (-7 - y)/(1/m)?
23
Let i(y) = -y**2 - y + 68. What are the prime factors of i(0)?
2, 17
Suppose -5*h + 60 = 2*w, -3*w + 2*h = h - 56. Suppose -3*y + w + 136 = 0. What are the prime factors of (y/(-3))/((-18)/27)?
2, 13
Let p = -287 - -122. Let k = p - -298. Suppose -4*r + 2*c - 7*c = -178, 3*r - k = -4*c. List the prime factors of r.
47
Let h(k) = -k**2 - 12*k - 9. Let w be h(-11). Suppose 0 = -4*d, w*o - 132 = 6*d - 4*d. What are the prime factors of o?
2, 3, 11
Suppose 5*u + 96 = 491. Let o = u + -60. What are the prime factors of o?
19
Suppose -5*k + 90 - 20 = 0. Suppose 0 = -3*i - 3, 3*f - 6*f = 2*i - 31. Let o = f + k. What are the prime factors of o?
5
Let x = 73 - 68. Suppose x*k - 7*k = -3*m + 551, 913 = 5*m + 2*k. What are the prime factors of m?
3, 61
Suppose -5*b - s = -30, 0 = -3*b + 3*s - 2*s + 10. Suppose -4*a + b*o = -416, -89 = -3*a + 5*o + 223. List the prime factors of a.
2, 13
Let h = -1962 - -3431. What are the prime factors of h?
13, 113
Let w be (-1622)/(-6) - (-20)/(-60). Suppose w = 6*j - 168. What are the prime factors of j?
73
Let z(s) be the third derivative of -s**6/120 - s**5/30 + 5*s**4/24 + 11*s**2. Let t = -4 + 0. What are the prime factors of z(t)?
2, 3
Suppose -2*n + 2*p = -724, -1428 = -6*n + 2*n - p. What are the prime factors of n?
2, 179
Suppose o = -x + 176 + 807, -5*o + 4935 = x. What are the prime factors of o?
2, 13, 19
Let v(r) = 2*r**2. Let y be v(5). List the prime factors of (-3)/(-5) - (-1870)/y.
2, 19
Suppose 2*w + 25 = 5*i, 0 = -i + 3*i + 4*w - 10. Suppose i*m - 99 - 71 = 0. Let o = m - 32. What are the prime factors of o?
2
Let j(q) = 27*q**2 + 26*q - 115. List the prime factors of j(4).
421
Let q(n) = 25*n - 168. Let l be q(15). Suppose -x = -6*x. Suppose x = -5*k - 3*s + l, 0 = -0*k + k + 4*s - 55. List the prime factors of k.
3, 13
Let q(k) = 19*k**3 - 5*k**2 + k - 33. What are the prime factors of q(5)?
2, 11, 101
Let u(o) = 4*o. Let b(p) = -5*p. Let q(g) = 5*b(g) + 6*u(g). Let y be q(3). Let w = 33 + y. What are the prime factors of w?
2, 3, 5
Suppose 5*j - k + 2*k = 24, 0 = -3*k + 12. Suppose -j*d - 16 = 0, 2*d = -3*u + d + 20. What are the prime factors of u?
2
Let d(l) = 113*l**2 - 63*l - 20. List the prime factors of d(8).
2, 3, 13, 43
Let k(d) = 25*d + 665. List the prime factors of k(7).
2, 3, 5, 7
Let f be 24/10 - 2/5. Suppose f - 92 = -5*j. Let k = j - 7. What are the prime factors of k?
11
Let u = -469 - -734. What are the prime factors of u?
5, 53
Let m = 48 - 70. Suppose 5*n + 106 + 134 = 0. Let x = m - n. What are the prime factors of x?
2, 13
Suppose -2905 = -5*v - 5*k, -3*v - 2*v - k + 2913 = 0. What are the prime factors of v?
11, 53
Let q be 20 + (1 - (2/1 - 3)). Let v = 53 - q. What are the prime factors of v?
31
Suppose -5*i + 4*b = -360, 0 = -5*b - 0*b. Suppose 18*p - 20*p + i = 0. List the prime factors of p.
2, 3
Let z be (-4)/(-8) + (-124)/(-8). Let p be ((-9)/6)/((-12)/z). Suppose -4*i = -2*x - 118, -2*i + 56 = -0*i - p*x. What are the prime factors of i?
31
Suppose -2*x = -x - 2. Let a be (-4)/(-5)*5/x. Suppose 5*j - a*j = 27. List the prime factors of j.
3
Let a(b) = -2*b**3 - 4*b**2 - 17*b - 29. List the prime factors of a(-9).
2, 17, 37
Suppose 0 = -2*y + 305 + 21. Let i = 230 - y. What are the prime factors of i?
67
Suppose -8*h - 5*x = -22656 + 3753, 0 = 2*h - x - 4737. List the prime factors of h.
2, 7, 13
Suppose 4*z - o = 848, 2*z + 9*o - 414 = 12*o. List the prime factors of z.
3, 71
Let t(p) = p**3 - 18*p**2 + 18*p + 19. Let h be t(17). Suppose -4*k + 76 = -h. What are the prime factors of k?
2, 7
Suppose 0 = 5276*k - 5273*k - 1329. What are the prime factors of k?
443
Suppose 2467 = b + 4*d, 2*b + 68*d - 4895 = 73*d. What are the prime factors of b?
5, 491
What are the prime factors of 181928/152 - 8/(-76)?
3, 7, 19
Suppose 0*z + z + 3*t - 313 = 0, -5*t - 593 = -2*z. What are the prime factors of z?
2, 19
Let q = -81 - -177. List the prime factors of -4 + -2 + q + 3 + 1.
2, 47
Let a = 8 - 6. Suppose 3*r + 16 = g, -g - 3*r = a*r + 16. Suppose -5*p - 9 = -24, 0 = g*t + p - 139. What are the prime factors of t?
2, 17
Let o = -14 + 38. Let g(c) = 2*c**2 - 45*c - 34. What are the prime factors of g(o)?
2, 19
Let u = -17 + 17. Let b(j) = j + 85. What are the prime factors of b(u)?
5, 17
Let f be (-1 + 2)/((-4)/(-8)). Suppose 3*t = 2*t + f. What are the prime factors of 1/((-4)/(-256)*t)?
2
Let x(p) be the third derivative of 32*p**5/15 + p**4/12 - 22*p**2. List the prime factors of x(-1).
2, 3, 7
Let c be -5 + 1 - (1 - 86). Suppose 5*s - 2*s = c. Let h = 7 + s. List the prime factors of h.
2, 17
Suppose -3*l = -0*l. Let y = l + -3. Let h(a) = a**2 - 4*a + 1. What are the prime factors of h(y)?
2, 11
Let f be -1 - (4 - 3)*-7. Suppose -1284 = -f*l - 6*l. List the prime factors of l.
107
Suppose -13*n - 555 = -2*r - 12*n, -4*r - 3*n = -1085. What are the prime factors of r?
5, 11
Let r = -50 + 53. Suppose -27 = -r*o - 0*j + 3*j, 0 = 2*o - 3*j - 17. What are the prime factors of o?
2, 5
Let c(u) = -86*u - 195. What are the prime factors of c(-6)?
3, 107
Let o be ((-1)/4)/((-5)/40). Let m be (-3 - -5)*(-5)/o. What are the prime factors of m/(-3 + 68/24)?
2, 3, 5
Let c = -104 - -44. List the prime factors of c/(-40)*1*38.
